
28
What is the greatest common divisor of 3140 and 15229?
157
What is the greatest common divisor of 2392629 and 568?
71
Calculate the greatest common divisor of 27089 and 28737.
103
What is the greatest common factor of 125626 and 667?
23
Calculate the greatest common factor of 152 and 50198.
38
Calculate the greatest common divisor of 140 and 145425.
35
Calculate the greatest common divisor of 748319 and 429.
143
Calculate the greatest common factor of 141795 and 1125.
45
What is the highest common factor of 7646 and 16?
2
What is the highest common factor of 2925 and 14001?
39
What is the greatest common divisor of 6358 and 68204?
578
What is the highest common factor of 15662 and 4?
2
What is the greatest common divisor of 5446 and 983392?
778
What is the highest common factor of 509 and 17216416?
509
Calculate the greatest common divisor of 3 and 9728.
1
Calculate the greatest common factor of 12 and 3316.
4
What is the highest common divisor of 41 and 105821?
41
Calculate the highest common factor of 43102 and 14996.
46
Calculate the highest common factor of 1530 and 21780.
90
What is the greatest common factor of 2925 and 60255?
585
Calculate the greatest common factor of 7616 and 18802.
238
Calculate the greatest common factor of 7224 and 369.
3
Calculate the greatest common divisor of 142263 and 270.
27
Calculate the highest common factor of 73413 and 297.
27
Calculate the greatest common factor of 40 and 72290.
10
Calculate the highest common factor of 15480 and 3960.
360
What is the highest common factor of 27350 and 50?
50
Calculate the greatest common divisor of 396 and 470745.
99
What is the highest common factor of 13 and 100399?
13
Calculate the greatest common divisor of 350432 and 376.
376
What is the highest common divisor of 316 and 6478?
158
What is the highest common divisor of 68 and 337042?
34
Calculate the highest common factor of 6 and 1354.
2
Calculate the greatest common divisor of 7809 and 4104.
57
Calculate the highest common factor of 121107 and 147.
21
What is the highest common divisor of 26877 and 357?
51
Calculate the greatest common factor of 294 and 12558.
42
What is the highest common divisor of 11745 and 24215?
145
Calculate the highest common factor of 1 and 24821.
1
Calculate the highest common factor of 3850 and 32450.
550
What is the highest common divisor of 248 and 147932?
124
What is the greatest common factor of 60 and 8830740?
60
Calculate the greatest common divisor of 136 and 13240.
8
Calculate the greatest common divisor of 5 and 14089.
1
What is the greatest common factor of 14877 and 5871?
57
What is the highest common divisor of 2769 and 1326?
39
Calculate the highest common factor of 132 and 19556.
4
Calculate the greatest common factor of 546 and 15876.
42
What is the greatest common factor of 83 and 3027674?
83
What is the greatest common factor of 8015 and 14315?
35
What is the highest common divisor of 3776 and 18320?
16
Calculate the greatest common factor of 396 and 751696.
44
Calculate the highest common factor of 6855 and 1875.
15
What is the greatest common factor of 31062 and 744?
186
What is the highest common divisor of 225 and 243300?
75
Calculate the highest common divisor of 1554 and 13748.
14
What is the highest common divisor of 245 and 1886549?
49
What is the greatest common factor of 1845 and 738?
369
What is the highest common factor of 128 and 453264?
16
Calculate the greatest common divisor of 2785 and 38433.
557
Calculate the greatest common factor of 182526 and 23316.
174
Calculate the highest common factor of 10036 and 234.
26
What is the highest common divisor of 32368 and 80?
16
Calculate the highest common factor of 31565 and 2478.
59
Calculate the greatest common factor of 662 and 90694.
662
What is the highest common factor of 374 and 68090?
22
Calculate the highest common factor of 40303 and 123.
41
What is the highest common divisor of 261 and 83574?
9
What is the greatest common divisor of 212 and 400097?
53
What is the greatest common factor of 6 and 44121?
3
What is the greatest common divisor of 35705 and 925?
185
What is the highest common factor of 202 and 252298?
202
Calculate the greatest common factor of 1023672 and 6.
6
Calculate the highest common divisor of 1698 and 768.
6
Calculate the highest common divisor of 29565 and 6885.
405
What is the highest common divisor of 23503 and 361?
19
Calculate the highest common factor of 506428 and 78.
26
Calculate the greatest common divisor of 292 and 154906.
146
Calculate the greatest common factor of 21225 and 161027.
283
What is the highest common factor of 882918 and 126?
18
Calculate the highest common factor of 1243 and 12815.
11
Calculate the greatest common divisor of 3817682 and 88.
22
What is the highest common divisor of 1442 and 653020?
206
What is the greatest common factor of 48084 and 12?
12
Calculate the highest common divisor of 11 and 24.
1
What is the greatest common divisor of 9417 and 51?
3
Calculate the highest common factor of 21637 and 4543.
77
What is the highest common divisor of 153 and 3043?
17
Calculate the highest common divisor of 33 and 20229.
33
Calculate the greatest common divisor of 24 and 79912.
8
Calculate the greatest common divisor of 2008 and 162397.
251
Calculate the highest common factor of 2596 and 550.
22
What is the highest common factor of 10 and 5956?
2
Calculate the greatest common divisor of 56800 and 51475.
1775
Calculate the highest common divisor of 150 and 204705.
15
What is the highest common factor of 17 and 29903?
17
Calculate the greatest common factor of 23195 and 5.
5
What is the highest common divisor of 18810561 and 294?
147
Calculate the greatest common divisor of 864 and 661176.
216
What is the highest common factor of 113463 and 252?
63
What is the greatest common factor of 1133 and 4738?
103
Calculate the greatest common factor of 16126 and 3322.
22
What is the greatest common factor of 424546 and 1106?
158
What is the greatest common factor of 54920 and 220?
20
What is the highest common divisor of 786065 and 518?
259
What is the greatest common factor of 48 and 1560144?
48
What is the greatest common factor of 3954 and 372?
6
What is the highest common divisor of 116400 and 80?
80
Calculate the greatest common factor of 2808 and 630.
18
Calculate the greatest common factor of 98 and 10192.
98
What is the highest common factor of 839124 and 198?
198
Calculate the highest common divisor of 30 and 870138.
6
Calculate the highest common divisor of 1058484 and 84.
84
Calculate the highest common divisor of 104298 and 12.
6
What is the highest common divisor of 4930 and 1421?
29
Calculate the highest common divisor of 6 and 977682.
6
Calculate the greatest common factor of 849912 and 84.
84
What is the highest common factor of 121445 and 14445?
535
What is the highest common factor of 1950 and 170950?
650
What is the greatest common factor of 140 and 10073?
7
Calculate the greatest common factor of 467825 and 25.
25
Calculate the greatest common factor of 1685604 and 228.
228
Calculate the greatest common divisor of 30770 and 850.
170
What is the greatest common divisor of 281 and 71?
1
Calculate the greatest common divisor of 235814 and 314.
314
Calculate the greatest common divisor of 429 and 103389.
429
Calculate the highest common divisor of 3598 and 22372.
14
What is the highest common factor of 1830389 and 11?
11
What is the greatest common factor of 300 and 2400?
300
What is the greatest common factor of 812 and 221473?
203
What is the greatest common factor of 20540 and 715?
65
Calculate the greatest common divisor of 1479 and 9435.
51
Calculate the greatest common factor of 11000 and 2035.
55
Calculate the highest common factor of 567814 and 26.
26
What is the greatest common factor of 43434 and 9234?
342
Calculate the greatest common divisor of 2264 and 648.
8
What is the greatest common factor of 349092 and 36?
36
Calculate the greatest common factor of 109151 and 4123.
217
Calculate the highest common divisor of 1147 and 40367.
37
Calculate the greatest common divisor of 10 and 2063470.
10
What is the highest common divisor of 185502 and 516?
258
Calculate the highest common divisor of 276 and 109296.
276
What is the highest com